Calculate 74 + (-72 - -42) - 85.
-41
What is the value of 103 + -138 + 15 + 12?
-8
Calculate 11 - ((5 - -3) + -9 + 33 + -11).
-10
What is the value of (38 - 78) + -7 + (6 - 5)?
-46
14 - (19 + (3 - (66 + -30)))
28
Evaluate (-1 - -19 - (-415 - -426)) + -96.
-89
Calculate -10 + (4 - (5 + (-9 - 9) + -1)).
8
What is the value of 16 + (-7 - 11) + -7 + -7 + -2?
-18
What is (541 - 535) + 14 + 0 + 3?
23
(44 - 49) + 7 + 47
49
Calculate (6 - 39) + 21 - (4 - -43).
-59
What is (-12 - 0) + 3 + -7 + 3 + 8?
-5
-19 - (507 + -458 - (-16 - 1))
-85
What is -13 - (-12 + -7) - 13 - (-10 + 3)?
0
Calculate 286 + -265 + (5 - (-4 - 6)).
36
Evaluate 5 + (-15 - 7) + -5 + -47.
-69
What is the value of (1 - -4) + (10 - -27 - 16)?
26
What is the value of 27 - (79 - (-5 + -11 - -30))?
-38
6 + (-1 - 5 - 7 - (-46 + 9))
30
Evaluate 196 + (-243 - -106) - 11.
48
(-1 - -9) + (7293 - 7181)
120
What is -6 + 29 + -34 + -6 + 6 + 8 - -30?
27
What is the value of -14 + 1 + 2 - (23 - (12 + -11) - 9)?
-24
(-31 + 1 - (364 - 374)) + -33
-53
What is the value of 21 + (15 - (33 + -18))?
21
What is the value of 12 - ((-1 - (3 + 16)) + (-6 - (-17 + 11)))?
32
What is 137 + -1 - (-6 - (25 + 10 + -10 - 16))?
151
-20 + (-44 - (-8 - -44 - 70))
-30
What is 8 + -3 + 0 - 0 - (2327 - 2317)?
-5
-18 - 64 - -77 - -32
27
(0 - 0) + 82 - (785 + -620 - 167)
84
Calculate 80 - 55 - ((-20 - -2) + 7).
36
What is the value of (0 - 1) + -3 + -153 + 124 - 5?
-38
What is -12 + (-15 + 79 - 2) + (-5 - -25)?
70
What is (-6 + 35 - 55) + 62?
36
Calculate -10 + (0 - (-70 + 34 + (0 - 12)) - 2).
36
Evaluate (-10 - (24 + -11 - 23) - 6) + -13.
-19
-20 + 4 + 9 - 2 - -50
41
(3 - 2 - -16) + (41 - (41 + 10))
7
Evaluate (-4 - -4 - -1) + -5 + 2 + -10 + 10.
-2
Evaluate (74 - 100 - 5) + (-1 - -50).
18
-13 + (50 - (-28 - -109))
-44
What is -47 + 69 + (33 - 72)?
-17
Calculate -5 - -4 - -51 - ((36 - 38) + 12).
40
Calculate -29 - (-3 + 0) - (-46 + 22 - -15).
-17
What is the value of (8 + (-9 - (55 - 6)) - 5) + -2 + 5?
-52
Evaluate -117 + (-91 - -160) + 21.
-27
What is 14182 - 14142 - (-1 + (36 - 2))?
7
Evaluate 37 + (-172 - (-67 - -31) - -6).
-93
Evaluate (14 - 70) + (194 - 120).
18
What is 8 - (21 + -3 + 30 + -36)?
-4
Calculate 9 + -27 + 12 + -35.
-41
Calculate -89 - 34 - -18 - -68.
-37
Calculate -1 + (17 - -4) + 3 + -16 - 94.
-87
What is the value of (-18 - (-98 + 2 + -32)) + (16 - 2)?
124
What is -1 + -1 - (1 + 8) - (4336 + -4388)?
41
Evaluate (-71 - (-199 + 123)) + -16.
-11
What is the value of (-6 - -1) + -26 + (41 - 16)?
-6
(64 + -19 - 60 - (-1 - -2)) + 23
7
Calculate 48 + -46 + 23 + 0 + 4.
29
Calculate -3 + 35 + -14 + -22 + -6.
-10
What is (3 - (-3 - 2)) + -23 + 8 - -9?
2
1 + -23 + (21 - 313 - -223)
-91
(-64 - (-56 + 18)) + 12
-14
What is -31 + ((-263 - -257) + (-1 - 26) - -19)?
-45
What is 14 + -22 + 6 + -39 - -15?
-26
What is the value of (34 - (-27 + 76 + -6)) + -14 + -1 + 1?
-23
What is 19 - (40 - 29) - (0 + 8) - (-8 + 16)?
-8
Calculate 28 + (-40 + 31 - (-3 + 1)) + 12.
33
What is -62 - (-83 + 154 + -73)?
-60
Evaluate (-8 - (-8 + 2 + 0)) + -2 + (-16 - 68).
-88
What is the value of 48 + -167 + -9 + (11 + (-1 - 5) - 11)?
-134
What is the value of -30 + 12 + 26 + (7 - 11)?
4
Calculate -38 + 8 + (11 - (-7 + 3)) + 34.
19
45 - -5 - (-5 + 25 + -7)
37
Evaluate 18 + (-40 - 15) + (-26 - -10) + -9.
-62
Calculate -13 + -14 + (5 - -3) + (22 - 24).
-21
What is the value of 13 + 7 + 12 + (-21 - -13) + -1?
23
Evaluate (-55 - 2) + 6633 + -6623.
-47
What is 221 + -94 + (-27 - -24) + 2 + -17 + 6?
115
What is the value of -40 + 34 + 9 + 36 + 3?
42
Evaluate (28 - (-5 + -1 + 25)) + -24.
-15
Evaluate 1 - 18 - (2 + -14) - (38 - 1).
-42
Calculate -96 - ((-59 - -119) + -96).
-60
What is 245 + -289 + (6 - -6)?
-32
-28 + 3 - 4 - 2 - -88
57
Evaluate (5 - 26) + 6 + 72 + (18 - 19).
56
Calculate -8 - (-20 + 30 + -23) - -11.
16
What is the value of -12 + -5 + (1 - -6 - -4) + 0?
-6
Calculate -27 + 31 + -44 + 5 + 21.
-14
What is 59 + 7 + 34 + -102 + 48 + -1 + -2?
43
(14 - -1) + 19 + (-23 - -33) + -15
29
What is (4 - -3) + (-13 - (-16 + 9 + 3) - -4)?
2
Evaluate -75 + 3 + 13 + -38 + (72 - 33).
-58
-5 + 0 + 48 + -49
-6
Calculate 14 + -61 + (-9 - (17 + (-7 - 7))) + 19.
-40
Calculate 243 + -239 - (-1 + 9) - -10.
6
(40 - 6) + -5 + 16 + -10 + -10
25
Evaluate 124 + (23 - 23 - 103).
21
Calculate (13 - -3) + 2 + -14 + -2 - 5.
-3
What is the value of -13 + 7 + ((-4 - 0) + 9 - -2 - -35)?
36
Calculate 11 - ((8 - 76) + -6 + 14 + (4 - 1)).
68
What is 95 - ((-89 - -125) + 20)?
39
Evaluate -106 + (-14 - -93) - 44.
-71
What is -5 - (6 + -22 + -3 + -67 + -5)?
86
Evaluate (447 - 403) + 1 + (-4 - -1) + (6 - 5).
43
Calculate -4 + 3 + (-22 - -10 - -5) + 13 + 3.
8
Evaluate 16 + -7 + 35 + -5 + -13.
26
Calculate 15 - (-7 - -4 - (-68 + 57)).
7
Calculate 56 + -21 + 22 - 127.
-70
What is the value of -1 + (-37 - -13) + -88 + 95?
-18
Evaluate 2 + -7 + -16 + 0 + (-1 - -46).
24
What is the value of 8 - ((1 - 69) + 711 + -725)?
90
1 - 7 - ((-19 - -17) + 7 + 24 - -11)
-46
What is the value of -80 - ((-30 - 51) + 11)?
-10
-416 + 509 - ((5 - -31) + -3)
60
What is the value of ((0 + 2 - 10) + 50 - 1) + 1 + -8?
34
What is the value of (73 + 0 - 13) + 25 + -48?
37
6 + 10 + -18 + 2 + 30 + (2 - 3)
29
What is 66 - (23 + -22 + (30 - 23))?
58
What is -6 - (-1 - (-6 + -7 + 31 - 13))?
0
Evaluate -20 - (-2 - 0) - (-176 + (220 - 36)).
-26
What is the value of 38 + 23 + -52 + (0 - (3 - 5)) + 3?
14
What is 9 + (-3 - 86) + 20 + 13 + -1?
-48
Calculate 9 + (-2 - -13 - (-4 + (-23 - -3))).
44
Calculate -2 + (-1 + 17 - ((14 - -11) + 0 - 16)).
5
What is (1821 - 1835) + (-1 - -43) - -25?
53
(-14 - (-43 + 27)) + -5 + -75 + 2 + -2
-78
Calculate 45 + (44 - 154) + (-13 - 4).
-82
What is (0 - -64) + -25 + 31 + 3 + 0?
73
What is 986 + -1021 - (-69 + 2)?
32
Calculate (7 + -10 - -2) + -27 + (6 - (-7 + 22)).
-37
Evaluate (-5 - (3 + -15)) + -21 - (-125 + 179).
-68
What is -51 - -22 - 50 - -42?
-37
Calculate 1 + 2 + 45 - (-51 - (-76 - -28)).
51
What is 7 + 1 + -7 + -26 + -23?
-48
Calculate 2 + (-3 - -1) + (34 - (12 + 16)).
6
(-9 - -6) + -4 + (22 - -20)
35
Calculate (57 + -125 - -53) + 1 + -32.
-46
What is the value of (47 - 115 - 37) + 62?
-43
-1 + -11 + -77 + (111 - 43)
-21
Calculate 8 + (-4 - (10 + -7)) - (141 + -36 + -31).
-73
Calculate (-1 + (2 - 15) - 15) + 7.
-22
Evaluate (605 - 649 - (0 - (10 - 1))) + (-58 - -55).
-38
Evaluate -510 + 506 + (1 - (3 + (-9 - -4))).
-1
Evaluate -272 - (-219 + 5) - (1 - 4).
-55
What is the value of -1 + 44 - (-12 + (-8 - 2 - -6 - -8))?
51
10 + (2 - (2 - -4) - (-4 + (-118 - -6)))
122
What is -48 + -31 - -57 - -47?
25
Evaluate (-25 + 9 - -12) + -19.
-23
Calculate (7 - (3 - (-8 - -2))) + -3 - (97 + -102).
0
Evaluate -88 + 0 - (-12082 - -12001).
-7
Calculate -12 + -8 + 33 + 1 + 4.
18
7 + 135 - (-43 - -96)
89
Evaluate -1 + 6 + -5 + (-15 - 40) - -9.
-46
Evaluate 13 + (-6 - 10) + (20 - -5).
22
(-371 - -411) + (-60 - 1)
-21
What is the value of -88 + 64 + -81 + 11?
-94
41 - (48 - 96) - 20
69
What is (-21 - -63 - -64) + -117?
-11
Evaluate (-12 - ((-10 - 16) + 19 + (-1 - -1))) + -11.
-16
What is the value of 1 + (11 - 23) - (-20 - (103 - 35))?
77
What is 9 - (-3 + -20 - -9)?
23
Evaluate 83 - (-36 - -52) - 23.
44
What is 10 + (-12 - 12) - (36 + -20)?
-30
Evaluate (27 - 30) + 50 + -91.
-44
What is 12 - (-37 - (-25 + 7))?
31
What is the value of -108 + (-15 - 18) + -1 + 58?
-84
Calculate (2 + -6 - 4) + (0 - 9 - -58).
41
What is the value of -16 + (-2 - 14 - -18) + (-16 - -89)?
59
Evaluate -11 + 4 - ((2 - 9) + 2 + -19 + -18).
35
-1052 - -1087 - (-2 + 38)
-1
Calculate -2 + 5 + (-119 + 61 - -28).
-27
What is 0 + 13 - (244 + -280 - (30 + 0))?
79
What is the value of (-7 - (-10 + -66 - -30)) + -22?
17
What is 13 - (-100 + 112 + 79)?
-78
Evaluate 66 + -144 + 151 - -1.
74
-35 - -177 - (692 + -631)
81
15 - (-1 - (-19 + -62 + 12))
-53
What is 13 - 53 - (-61 + -88)?
109
What is the value of 38 + 33 + -79 + 6?
-2
What is the value of 26 - ((5 - -34) + -6 - 52)?
45
Evaluate -50 - (-26 + -27 - -57).
-54
42 - (-65 - -59) - (41 + -4)
11
1 + -3 + 28 + (-1 - 16) + 16
25
What is (1 + -10 + 21 + -20 - -46) + 12 + -6?
44
2 - 4 - (-140 + 168 + -161)
131
Evaluate (-433 - -239) + 250 + (-36 - -1).
21
What is the value of 63 + -4 + -4 + 5 + (-228 - -228)?
60
53 - 1 - (-4 - -9 - (-34 + 54))
67
What is the value of 20 - -18 - 146